 k(-3).
-4
Let o(a) = a**3 - 6*a**2 - a - 7. Let l(c) = 10*c - 44. Let i be l(5). Give o(i).
-13
Let f(d) = -d**3 + 5*d**2 - d - 9. Let v be f(4). Suppose -1 - v = s. Let u(i) = -i**2 - 5*i - 6. Determine u(s).
-2
Suppose 0*x - 15 = a - 5*x, 0 = -3*a + x - 17. Let g = 6 + a. Let l(f) = -g + f + 0 - 1. Calculate l(4).
2
Let g(o) = -o + 1. Let h be g(-1). Let k(t) = 10*t**2 - 1 + h*t**2 - t**2. Determine k(1).
10
Suppose -k + a + 5 = 0, -a - 8 = a. Let c(p) = k - 4 + 4 + 3*p. What is c(-1)?
-2
Let y(d) = d. Let t(l) be the third derivative of l**4/24 + l**3/6 - l**2. Let x be t(5). Suppose h = x*h. Calculate y(h).
0
Let i(k) = 5*k. Let y(n) = 6*n. Let m(r) = 5*i(r) - 4*y(r). Let u(a) = -14 - 4*a - 7 + 10 + 3*a. Let h be u(-13). Determine m(h).
2
Let a be 4 + (-3 - (2 + -2)). Let l(z) = 5*z**3 - z**2 - z + 1. Give l(a).
4
Suppose f = -2*f. Let j(i) = -i + 9. Determine j(f).
9
Suppose 0*n = -2*n - 4. Let p(f) = -35*f + 37*f + 5 - 2 + 2*f**2 - 3*f**2. Give p(n).
-5
Let d = -163 + 164. Let q(n) be the first derivative of -13*n**2/2 + n - 2. What is q(d)?
-12
Let k(h) = -h**3 + 4*h - 2*h + 6*h**2 + 2*h**3 + h - 5. What is k(-5)?
5
Suppose b - 3 = 0, -2*h + 2*b + 2 = -0*b. Let g(x) be the second derivative of 5*x + 0 - 1/12*x**4 + 1/2*x**3 - x**2. Calculate g(h).
-6
Let u(z) = z**3 - 3*z**2 - 6*z - 7. Let v(m) = m + 5. Let k be v(0). What is u(k)?
13
Let n(z) = 8*z - 1. Suppose -4*c = -2*s - 16, 3*c + 15 = 4*c + 5*s. Let t(b) = b**2 - 5*b + 1. Let h be t(c). What is n(h)?
7
Let p(c) = -3*c**2 - 3 + 4*c**2 - 2*c**2 + 2*c - c**3 + 4. Let s be -2 - -5 - 6 - -1. Give p(s).
1
Let g = -16 + 20. Let d(r) be the third derivative of 0*r + 1/2*r**3 - 1/60*r**5 + 4*r**2 + 0 + 5/24*r**g. Determine d(5).
3
Let b(d) be the second derivative of d**5/20 + d**4/2 + d**3 + 7*d**2/2 + 2*d. Suppose -6*r = -3*r + 15. Give b(r).
2
Suppose -2 = -5*l - 5*f + 8, 0 = 2*l + 3*f - 3. Suppose 0 = 2*u + l*k - 19, 2*k - 14 = -0*u - 2*u. Let w(g) = -u*g**2 - 4 + 9 + 3*g**2 - 7*g + 4. Give w(6).
3
Suppose -3 = -2*h - 5. Let t(f) = -4*f**2 - 2*f - 6. Let b(j) = -9*j**2 - 5*j - 15. Let m(q) = 4*b(q) - 10*t(q). What is m(h)?
4
Let r(s) = -s**3 - 3*s**2 + s + 7. Let q(l) = -2*l**3 - 4*l**2 + l + 8. Let j(y) = -2*q(y) + 3*r(y). Calculate j(0).
5
Let j(u) = 5*u - 3*u - 8*u + 2*u. Calculate j(-1).
4
Let j(o) = -10*o**3 + 3*o + 10. Let s(t) = -3*t**3 + t + 3. Let m(b) = 2*j(b) - 7*s(b). Give m(3).
23
Let z = -8 - -10. Let n(q) = q + 0*q**2 + 4*q**2 - 1 - 2*q**z - q**2. Give n(-3).
5
Let c(j) = 4*j**2. Let v = 6 - 7. Let g be c(v). Let w(y) be the second derivative of y**5/20 - 5*y**4/12 + y**3/3 + y**2 - y. What is w(g)?
-6
Let a(n) = 2*n**3 + 2*n**2 - 2*n + 1. Suppose -h = 3*c + 16, -4*h + 41 = c - 4*c. Let b(f) = f**3 + 8*f**2 + 6*f - 6. Let q be b(c). What is a(q)?
3
Let k(j) = 5*j**2 + 2*j**3 - j**3 + 0 + 0*j**3 + 2. Give k(-5).
2
Suppose 2*f = -0*f - 2. Let i = -7 - f. Let o(r) = r**3 + 7*r**2 + 6*r + 3. What is o(i)?
3
Suppose -3 - 12 = 5*p. Let d be (-9)/p + 2/(-1). Let m(a) = -8*a**3 + a**2 - a + 1. Determine m(d).
-7
Suppose 2*r - r - 4 = 0. Suppose -14 = -2*p + 2*x, p + 4*x = 1 - 9. Let h(b) = 5*b - 5 - 3*b**3 + r*b**3 - p*b. Calculate h(0).
-5
Let i(w) = -5*w + 10. Let u(m) = 11*m - 21. Let o(b) = -9*i(b) - 4*u(b). Determine o(5).
-1
Suppose 0 = 40*y - 37*y + 18. Let o(b) be the second derivative of -b**3/6 + b**2 - b. Give o(y).
8
Let l(x) = 5*x**2 + x**2 - 4*x**2 - 3*x**2 + 6. Give l(-5).
-19
Let n(d) = 2*d - 13. Let w(v) = -v + 7. Let y(j) = -6*n(j) - 11*w(j). Calculate y(3).
-2
Let k(q) = 9 - 13 + 3*q**2 + q**3 + 0*q**3. Let m be 32/6 + 2/3. Let r = m + -9. Calculate k(r).
-4
Suppose 4 + 12 = 5*p + 3*n, -3*p + 21 = -2*n. Let g be (-4 + p)/((-2)/(-6)). Let s(b) = -2 + b**g + 4*b**2 + b + 2*b**2 + 3*b. What is s(-5)?
3
Let q(t) = -3*t - 97 + 2*t + 97. Give q(4).
-4
Let u(k) = -k**3 - 2*k**2 - k - 4. Let y(d) = -d**3 + 6*d**2 - 7*d - 2. Let j be y(5). Let a be (j/(-10))/((-6)/15). Determine u(a).
8
Let q(b) be the second derivative of -b**5/20 - 7*b**4/12 + b**3/6 - b**2/2 - b. Give q(-7).
-8
Suppose -4*s - 21 - 3 = 0. Let i(o) be the first derivative of o**3/3 + 2*o**2 - 6*o - 1. Calculate i(s).
6
Let m(t) = 4*t**2 + 14*t + 33 - 11*t - t**3 - 26. What is m(5)?
-3
Let t(m) = m**2 - 6*m + 7. Suppose v - 1 = w, -3 = 3*w + 2*w - 3*v. Suppose -2*g = 19 - 59. Suppose w*b = 4*b - g. Determine t(b).
2
Let d = 8 + -6. Suppose d*j = 7 + 1. Suppose 0 = 5*w + 5, -3*c + 28 = -j*w + 12. Let f(k) = -k**2 + 3*k. Determine f(c).
-4
Let i(f) = 3*f**2 + 6*f - 3. Let m(c) = 7*c**2 + 13*c - 6. Let x(v) = -5*i(v) + 2*m(v). Suppose 0*z + 15 = 5*z. Suppose 5 = z*g - 4*g. What is x(g)?
-2
Let a(f) be the first derivative of f**3 - 3*f**2/2 - 3*f + 3. Suppose z = -6 + 9. Give a(z).
15
Suppose -3*b + 3*d = -4*b, 2*b + d = 10. Let u(o) = -o**3 + 7*o**2 - 6*o. Determine u(b).
0
Let o(p) be the third derivative of -p**4/24 + 7*p**3/6 + 6*p**2. Suppose 15 = 2*t + 3*t. Calculate o(t).
4
Let j be (-3 + -3 + 5)*-5. Let l(t) = -t**3 + 6*t**2 - 6*t - 4. Determine l(j).
-9
Let d = 11 - 13. Let n(s) = s**2 + s - 2. Give n(d).
0
Suppose -c + i + 5 = -2, 4*i + 12 = 2*c. Suppose -4*z + 3*z + 2*o = -2, -5*o + 5 = -5*z. Let g = z + c. Let x(l) = l**3 - 4*l**2 - 2*l + 6. Give x(g).
-2
Suppose 23 = -d + 14. Let a(m) = m**2 + 8*m - 11. Give a(d).
-2
Let y(h) = -4*h + 5*h + 9 + 1. Let g(k) = -2*k**2 + 7*k + 1. Let z be g(5). Let i be 7/z + 22/(-4). Determine y(i).
4
Let o(m) = 2*m - 8. Let q(x) = 1. Let f(t) = -o(t) - 10*q(t). Suppose 4*k - 16 = 12. Suppose 0*g + 4*j = 4*g - 4, k = g - 3*j. Determine f(g).
2
Let x be (-1)/(-3) + 23/69. Let f(h) be the first derivative of -3*h - 1/4*h**4 - 3/2*h**2 + 5 - x*h**3. Give f(-2).
3
Let y = 4 - 2. Suppose -3*j + 1 + y = 0. Let p(s) = -s + j + 2 - 1. Give p(-5).
7
Suppose l = 3 + 5. Let r(s) = -4*s**2 + 6*s - 4*s**3 + 5*s**3 + 3*s**2 + l*s**2 - 1. Give r(-6).
-1
Let b(s) = s**3 + 4*s**2 + s + 3. Let z(n) = -n**3 - 2*n**2 + 10*n + 5. Let t be z(-4). What is b(t)?
9
Let c(i) = 4*i - 6. Suppose 15 + 10 = -5*y. Let p(z) = -z + 1. Let w(o) = y*p(o) - c(o). What is w(1)?
2
Let n(r) = r**3 - 4*r**2 - 6*r + 2. Let l be n(5). Let q = l - -3. Let h(p) = p**3 + p**2 + 7. Give h(q).
7
Let w(d) = -14*d**2 - 4*d - 8. Let b(r) = 13*r**2 + 3*r + 7. Let y(v) = -5*b(v) - 4*w(v). Let z(p) = p**2 + 1. Let c(i) = -y(i) - 4*z(i). What is c(-1)?
5
Let k(v) be the first derivative of 3*v**3 - v**2 + v + 6. Let a(l) = l**2. Let m be (-2)/10 + (-4)/5. Let b be a(m). Give k(b).
8
Suppose 0 = -g - g - 4*z - 2, -g - 4*z = 5. Let t(j) = g - 2*j - 4 + 4*j. Calculate t(-3).
-7
Let r = -5 + 2. Let x be 6/27*r*-6. Let y(l) = -l**2 + 5*l + 1. What is y(x)?
5
Let k(b) = -7*b**2 - 3*b + 6. Let h(d) = -20*d**2 - 8*d + 17. Let z(p) = 4*h(p) - 11*k(p). What is z(2)?
-8
Let d(z) be the third derivative of z**6/120 - z**5/30 - z**3/2 + z**2. What is d(3)?
6
Let i(c) be the third derivative of c**5/60 + c**4/4 + c**3/6 + c**2. Suppose 2*f = -4, 0*u - 3*f = u + 1. Suppose y + 24 = -u*y. What is i(y)?
-7
Let w(z) = 5*z - 5. Let j(s) be the first derivative of -8*s**2 + 16*s + 1. Let d(r) = 2*j(r) + 7*w(r). Determine d(2).
3
Let v be (0 - 12/(-8)) + (-6)/12. Let t(m) = 15*m**3 - m**2 + 2*m - 1. What is t(v)?
15
Let q = 10 - 7. Let r(p) = -p**3 + 2*p**2 + 3*p - 4. Calculate r(q).
-4
Let j(w) = w**3 + 9*w**2 + 9*w + 9. Let z(s) = 6*s - 2. Let k be z(-1). Determine j(k).
1
Let n(j) = -j**3 - 6*j**2 - 3. Let t = 9 - 15. Determine n(t).
-3
Let d(x) = 2*x. Let a = 6 + -4. Let y(o) = 2*o - 1. Let i be y(1). Suppose -4 + i = -u + 4*m, a*u - 3*m = 6. Determine d(u).
6
Let h(v) = v**3 + v**2 + v + 1. Suppose x - 5 = 6*x. Let f be (x - 0) + 4 + 0. Suppose 0 = -f*j - 3 - 0. What is h(j)?
0
Let u(t) = -33*t**2 + 9*t + 7. Let f(l) = -17*l**2 + 5*l + 4. Let w(z) = -7*f(z) + 4*u(z). Suppose -1 = -n + 5*v, 2*n - 7*v = -8*v + 2. Determine w(n).
-12
Let a(d) be the first derivative of -d**4/4 + 2*d**3/3 + d**2/2 + 1. Suppose 9 = -k + 4*k - 3*n, 3*k - 5*n - 17 = 0. What is a(k)?
2
Let m(u) be the second derivative of 0 + 5/2*u**2 - u - 1/6*u**3. What is m(5)?
0
Let a(c) = -c**3 + c**2 + 1. Let m be a(0). Let j(n) = -9*n + 3*n + m + n. Calculate j(2).
-9
Let t(n) = -n**2 + 8*n - 6. Let k be -1 - 0 - -2 - -2. Let i(s) = -s**2 + 8*s - 7. Let v(d)